{"id":13316,"date":"2024-10-14T13:26:28","date_gmt":"2024-10-14T16:26:28","guid":{"rendered":"http:\/\/www.funceme.br\/?page_id=13316"},"modified":"2026-03-17T16:05:33","modified_gmt":"2026-03-17T19:05:33","slug":"lgpd","status":"publish","type":"page","link":"http:\/\/www.funceme.br\/?page_id=13316","title":{"rendered":"LGPD"},"content":{"rendered":"<div class=\"row\">\n<div class=\"col\">\n<h2 class=\"titulo \">Lei Geral de Prote\u00e7\u00e3o de Dados Pessoais (LGPD)<\/h2>\n<div style=\"margin-top:30px; \">\n<p><strong>Dados do Encarregado &#8211; Funceme:<\/strong><\/p>\n<p>Fernanda Azev\u00eado Benevides (Titular)<\/p>\n<p>Maria Goretti Mamedio de Sousa Melo (Suplente)<\/p>\n<p>Contato:\u00a0encarregado@funceme.br<\/p>\n<p>Telefone:\u00a0(85) 3125.8249<\/p>\n<\/div>\n<ul class=\"ListaEst\" style=\"margin-top: 20px;text-align: justify;\">\n<li><a>O que \u00e9 a Lei Geral de Prote\u00e7\u00e3o de Dados Pessoais &#8211; LGPD?<\/a><\/li>\n<\/ul>\n<p style=\"margin-bottom: 20px; text-align: justify;\">A LGPD \u00e9 a lei N\u00ba 13.709, aprovada em Agosto de 2018 e com vig\u00eancia a partir de Setembro de 2020. Esta lei disp\u00f5e sobre o tratamento de dados pessoais, inclusive nos meios digitais, por pessoa natural ou por pessoa jur\u00eddica de direito p\u00fablico ou privado, com o objetivo de proteger os direitos fundamentais de liberdade e de privacidade e o livre desenvolvimento da personalidade da pessoa natural.<\/p>\n<ul class=\"ListaEst\">\n<li><a>O que \u00e9 Dado Pessoal?<\/a><\/li>\n<\/ul>\n<p style=\"margin-bottom: 20px; text-align: justify;\">Conforme disp\u00f5e o Art. 5\u00ba, inciso I, da Lei N\u00ba 13.709\/2018, considera-se dado pessoal a <strong>\u201cinforma\u00e7\u00e3o relacionada a pessoa natural identificada ou identific\u00e1vel\u201d, ou seja, se uma informa\u00e7\u00e3o permite identificar, direta ou indiretamente, um indiv\u00edduo que esteja vivo, ent\u00e3o ela \u00e9 considerada um dado pessoal: nome, RG, CPF, g\u00eanero, data e local de nascimento, telefone, endere\u00e7o residencial, localiza\u00e7\u00e3o via GPS, retrato em fotografia, prontu\u00e1rio de sa\u00fade, cart\u00e3o banc\u00e1rio, renda, hist\u00f3rico de pagamentos, h\u00e1bitos de consumo, prefer\u00eancias de lazer; endere\u00e7o de IP (Protocolo da Internet) e cookies, entre outros.\u201d<\/strong><\/p>\n<ul class=\"ListaEst\">\n<li><a>O que \u00e9 Dado Pessoal Sens\u00edvel?<\/a><\/li>\n<\/ul>\n<p style=\"margin-bottom: 20px; text-align: justify;\">De acordo com o Art. 5\u00ba, inciso II, da Lei N\u00ba 13.709\/2018, considera-se dado pessoal sens\u00edvel o <strong>\u201cdado pessoal sobre origem racial ou \u00e9tnica, convic\u00e7\u00e3o religiosa, opini\u00e3o pol\u00edtica, filia\u00e7\u00e3o a sindicato ou a organiza\u00e7\u00e3o de car\u00e1ter religioso, filos\u00f3fico ou pol\u00edtico, dado referente \u00e0 sa\u00fade ou \u00e0 vida sexual, dado gen\u00e9tico ou biom\u00e9trico, quando vinculado a uma pessoa natural.\u201d<\/strong><\/p>\n<ul class=\"ListaEst\">\n<li><a>O que \u00e9 ANPD?<\/a><\/li>\n<\/ul>\n<p style=\"margin-bottom: 20px; text-align: justify;\">A ANPD, ou Autoridade Nacional de Prote\u00e7\u00e3o de Dados, \u00e9 o \u00f3rg\u00e3o respons\u00e1vel por zelar pela prote\u00e7\u00e3o de dados pessoais no Brasil, conforme a Lei Geral de Prote\u00e7\u00e3o de Dados (LGPD). Sua fun\u00e7\u00e3o principal \u00e9 garantir que as regras sobre o tratamento de dados sejam cumpridas, promovendo a transpar\u00eancia, a seguran\u00e7a e os direitos dos titulares de dados. A ANPD tamb\u00e9m tem o poder de aplicar san\u00e7\u00f5es em casos de infra\u00e7\u00f5es \u00e0 legisla\u00e7\u00e3o. Foi criada em 2020 e desempenha um papel fundamental na regulamenta\u00e7\u00e3o e fiscaliza\u00e7\u00e3o da privacidade e prote\u00e7\u00e3o de dados no pa\u00eds.<\/p>\n<ul class=\"ListaEst\">\n<li><a>O que s\u00e3o Agentes de Tratamento?<br \/>\n<\/a><\/li>\n<\/ul>\n<p style=\"margin-bottom: 20px; text-align: justify;\">Agentes de tratamento s\u00e3o as entidades ou pessoas que realizam opera\u00e7\u00f5es com dados pessoais. Na Lei Geral de Prote\u00e7\u00e3o de Dados (LGPD) do Brasil, os agentes de tratamento s\u00e3o classificados em duas categorias principais:<\/p>\n<div style=\"margin-left:20px; margin-bottom:30px; text-align: justify; \">\n<p style=\"text-align: justify;\"><strong>1. Controlador: \u201cpessoa natural ou jur\u00eddica, de direito p\u00fablico ou privado, a quem competem as decis\u00f5es referentes ao tratamento de dados pessoais\u201d<\/strong>, determinando os meios essenciais ao tratamento, como a defini\u00e7\u00e3o da finalidade e dos objetivos que justificam a realiza\u00e7\u00e3o do tratamento, qual \u00e9 a hip\u00f3tese legal aplic\u00e1vel, os dados pessoais e a dura\u00e7\u00e3o do tratamento, sendo, portanto, o respons\u00e1vel pelo neg\u00f3cio, processo ou sistema envolvido.<\/p>\n<p style=\"text-align: justify;\"><strong>2. Operador: \u201cpessoa natural ou jur\u00eddica, de direito p\u00fablico ou privado, que realiza o tratamento de dados pessoais em nome do controlador\u201d<\/strong>. O operador age sob a orienta\u00e7\u00e3o do controlador e n\u00e3o decide sobre as finalidades do tratamento.<\/p>\n<\/div>\n<p style=\"margin-bottom: 20px; text-align: justify;\">Ambos t\u00eam responsabilidades e obriga\u00e7\u00f5es espec\u00edficas em rela\u00e7\u00e3o \u00e0 prote\u00e7\u00e3o dos dados, garantindo que sejam tratados de forma adequada e segura.<\/p>\n<ul class=\"ListaEst\">\n<li><a>O que \u00e9 a Lei Estadual N\u00ba 18.699\/2024?<br \/>\n<\/a><\/li>\n<\/ul>\n<p style=\"margin-bottom: 20px; text-align: justify;\">No Cear\u00e1, a LGPD foi regulamentada pela Lei n\u00ba 18.699, de 07 de mar\u00e7o de 2024, que disp\u00f5e sobre o Modelo de Governan\u00e7a da Prote\u00e7\u00e3o de Dados Pessoais no \u00e2mbito do Poder Executivo Estadual. Essa lei visa assegurar a implementa\u00e7\u00e3o de pr\u00e1ticas adequadas de gest\u00e3o e prote\u00e7\u00e3o de dados, refor\u00e7ando a transpar\u00eancia e o respeito aos direitos dos titulares.<\/p>\n<p  style=\"text-align: justify;\">\nO Art. 7\u00ba do referido regramento estabeleceu que os \u00f3rg\u00e3os p\u00fablicos dever\u00e3o instituir, por ato pr\u00f3prio, seu <strong>Comit\u00ea Setorial de Prote\u00e7\u00e3o de Dados Pessoais \u2013 CSPD<\/strong>, o qual, preferencialmente, dever\u00e1 ter a seguinte composi\u00e7\u00e3o:\n<\/p>\n<div style=\"margin-left:20px; margin-bottom:30px \">\n<p>I &#8211; 2 (dois) representantes da gest\u00e3o superior;<\/p>\n<p>II &#8211; representante da \u00e1rea de tecnologia;<\/p>\n<p>III &#8211; representante da unidade setorial de controle interno;<\/p>\n<p>IV &#8211; encarregado de dados pessoais.<\/p>\n<\/div>\n<p style=\"text-align: justify;\">\nNesse sentido, atrav\u00e9s das Portarias <a target=\"_blank\" href=\"http:\/\/www.funceme.br\/wp-content\/uploads\/2025\/04\/Portaria_No_081_2024_Comite_Setorial_de_Protecao_de_Dados_CSPD_Funceme.pdf\" rel=\"noopener\"><strong>N\u00ba 081\/2024<\/strong><\/a> e <a target=\"_blank\" href=\"http:\/\/www.funceme.br\/wp-content\/uploads\/2025\/04\/Portaria_No_030_2025_Alteracao_Comite_Setorial_de_Protecao_de_Dados.pdf\" rel=\"noopener\"><strong>N\u00ba 030\/2025<\/strong><\/a>, foi institu\u00eddo o <strong>Comit\u00ea Setorial de Prote\u00e7\u00e3o de Dados Pessoais (CSPD) da Funceme<\/strong>, com a seguinte composi\u00e7\u00e3o:<\/p>\n<div style=\"margin-left:20px; margin-bottom:30px \">\n<p style=\"text-align: justify;\">&#8211; <strong>FRANCISCO HOILTON ARARIPE RIOS<\/strong> (matr\u00edcula 30000.0.X) e <strong>FRANCISCO DAS CHAGAS VASCONCELOS J\u00daNIOR<\/strong> (matr\u00edcula 300037.2.1), representando a gest\u00e3o superior;<\/p>\n<p style=\"text-align: justify;\">&#8211; <strong>JOS\u00c9 MARCELO RODRIGUES PEREIRA<\/strong> (matr\u00edcula 300033.8.1), representando a \u00e1rea de tecnologia;<\/p>\n<p style=\"text-align: justify;\">&#8211; <strong>MARIA GORETTI MAMEDIO DE SOUSA MELO<\/strong> (matr\u00edcula 300036.2.4), representante da unidade de controle interno e substituta da encarregada de prote\u00e7\u00e3o de dados pessoais;<\/p>\n<p style=\"text-align: justify;\">&#8211; <strong>FERNANDA AZEVEDO BENEVIDES<\/strong> (matr\u00edcula 300001.7.X), encarregada de prote\u00e7\u00e3o de dados pessoais;<\/p>\n<p style=\"text-align: justify;\">&#8211; <strong>MARILENE DA P\u00c1SCOA BARROS<\/strong> (matr\u00edcula 300026.0.1), representando a Assessoria Jur\u00eddica.<\/p>\n<\/div>\n<ul class=\"ListaEst\">\n<li><a>O que \u00e9 o Encarregado pelo Tratamento de Dados Pessoais?<br \/>\n<\/a><\/li>\n<\/ul>\n<p  style=\"text-align: justify;\">O Art. 5\u00ba, inciso VIII, da Lei N\u00ba 13.709\/2018, disp\u00f5e que o Encarregado pelo Tratamento de Dados Pessoais \u00e9 a <strong>\u201cpessoa indicada pelo controlador e operador para atuar como canal de comunica\u00e7\u00e3o entre o controlador, os titulares dos dados e a Autoridade Nacional de Prote\u00e7\u00e3o de Dados (ANPD).\u201d<\/strong><\/p>\n<p style=\"text-align: justify;\">De acordo com o Art. 41, \u00a72\u00ba, da Lei N\u00ba 13.709\/2018, as atividades do encarregado consistem em:<\/p>\n<div style=\"margin-left:20px; margin-bottom:30px \">\n<p>I &#8211; aceitar reclama\u00e7\u00f5es e comunica\u00e7\u00f5es dos titulares, prestar esclarecimentos e adotar provid\u00eancias;<\/p>\n<p>II &#8211; receber comunica\u00e7\u00f5es da autoridade nacional e adotar provid\u00eancias;<\/p>\n<p>III &#8211; orientar os funcion\u00e1rios e os contratados da entidade a respeito das pr\u00e1ticas a serem tomadas em rela\u00e7\u00e3o \u00e0 prote\u00e7\u00e3o de dados pessoais; e<\/p>\n<p>IV &#8211; executar as demais atribui\u00e7\u00f5es determinadas pelo controlador ou estabelecidas em normas complementares.\u201d<\/p>\n<\/div>\n<ul class=\"ListaEst\">\n<li><a>Como ser\u00e3o atendidas as solicita\u00e7\u00f5es dos titulares de dados pessoais?<br \/>\n<\/a><\/li>\n<\/ul>\n<p  style=\"text-align: justify;\">Como forma de expressar claramente as responsabilidades das \u00e1reas envolvidas e da atua\u00e7\u00e3o do encarregado de dados, a Funceme definiu um <strong><a href=\"http:\/\/www.funceme.br\/wp-content\/uploads\/2025\/08\/Atender-Solicitacoes-dos-Titulares.png\" target=\"_blank\" style=\"font-size: 1em; text-decoration: underline;\" rel=\"noopener\">fluxo de atendimento das demandas dos titulares de dados pessoais.<\/a><\/strong><\/p>\n<\/div>\n<div class=\"col\">\n<\/div>\n<\/div>\n","protected":false},"excerpt":{"rendered":"<p>Lei Geral de Prote\u00e7\u00e3o de Dados Pessoais (LGPD) Dados do Encarregado &#8211; Funceme: Fernanda Azev\u00eado Benevides (Titular) Maria Goretti Mamedio de Sousa Melo (Suplente) Contato:\u00a0encarregado@funceme.br Telefone:\u00a0(85) 3125.8249 O que \u00e9 a Lei Geral de Prote\u00e7\u00e3o de Dados Pessoais &#8211; LGPD? A LGPD \u00e9 a lei N\u00ba 13.709, aprovada em Agosto de 2018 e com vig\u00eancia [&hellip;]<\/p>\n","protected":false},"author":1,"featured_media":0,"parent":374,"menu_order":10,"comment_status":"closed","ping_status":"closed","template":"pagina-lista-filhas.php","meta":[],"acf":[],"_links":{"self":[{"href":"http:\/\/www.funceme.br\/index.php?rest_route=\/wp\/v2\/pages\/13316"}],"collection":[{"href":"http:\/\/www.funceme.br\/index.php?rest_route=\/wp\/v2\/pages"}],"about":[{"href":"http:\/\/www.funceme.br\/index.php?rest_route=\/wp\/v2\/types\/page"}],"author":[{"embeddable":true,"href":"http:\/\/www.funceme.br\/index.php?rest_route=\/wp\/v2\/users\/1"}],"replies":[{"embeddable":true,"href":"http:\/\/www.funceme.br\/index.php?rest_route=%2Fwp%2Fv2%2Fcomments&post=13316"}],"version-history":[{"count":48,"href":"http:\/\/www.funceme.br\/index.php?rest_route=\/wp\/v2\/pages\/13316\/revisions"}],"predecessor-version":[{"id":14875,"href":"http:\/\/www.funceme.br\/index.php?rest_route=\/wp\/v2\/pages\/13316\/revisions\/14875"}],"up":[{"embeddable":true,"href":"http:\/\/www.funceme.br\/index.php?rest_route=\/wp\/v2\/pages\/374"}],"wp:attachment":[{"href":"http:\/\/www.funceme.br\/index.php?rest_route=%2Fwp%2Fv2%2Fmedia&parent=13316"}],"curies":[{"name":"wp","href":"https:\/\/api.w.org\/{rel}","templated":true}]}}

<div class="row">
<div class="col">
<h2 class="titulo ">Lei Geral de Proteção de Dados Pessoais (LGPD)</h2>
<div style="margin-top:30px; ">
<p><strong>Dados do Encarregado &#8211; Funceme:</strong></p>
<p>Fernanda Azevêdo Benevides (Titular)</p>
<p>Maria Goretti Mamedio de Sousa Melo (Suplente)</p>
<p>Contato: encarregado@funceme.br</p>
<p>Telefone: (85) 3125.8249</p>
</div>
<ul class="ListaEst" style="margin-top: 20px;text-align: justify;">
<li><a>O que é a Lei Geral de Proteção de Dados Pessoais &#8211; LGPD?</a></li>
</ul>
<p style="margin-bottom: 20px; text-align: justify;">A LGPD é a lei Nº 13.709, aprovada em Agosto de 2018 e com vigência a partir de Setembro de 2020. Esta lei dispõe sobre o tratamento de dados pessoais, inclusive nos meios digitais, por pessoa natural ou por pessoa jurídica de direito público ou privado, com o objetivo de proteger os direitos fundamentais de liberdade e de privacidade e o livre desenvolvimento da personalidade da pessoa natural.</p>
<ul class="ListaEst">
<li><a>O que é Dado Pessoal?</a></li>
</ul>
<p style="margin-bottom: 20px; text-align: justify;">Conforme dispõe o Art. 5º, inciso I, da Lei Nº 13.709/2018, considera-se dado pessoal a <strong>“informação relacionada a pessoa natural identificada ou identificável”, ou seja, se uma informação permite identificar, direta ou indiretamente, um indivíduo que esteja vivo, então ela é considerada um dado pessoal: nome, RG, CPF, gênero, data e local de nascimento, telefone, endereço residencial, localização via GPS, retrato em fotografia, prontuário de saúde, cartão bancário, renda, histórico de pagamentos, hábitos de consumo, preferências de lazer; endereço de IP (Protocolo da Internet) e cookies, entre outros.”</strong></p>
<ul class="ListaEst">
<li><a>O que é Dado Pessoal Sensível?</a></li>
</ul>
<p style="margin-bottom: 20px; text-align: justify;">De acordo com o Art. 5º, inciso II, da Lei Nº 13.709/2018, considera-se dado pessoal sensível o <strong>“dado pessoal sobre origem racial ou étnica, convicção religiosa, opinião política, filiação a sindicato ou a organização de caráter religioso, filosófico ou político, dado referente à saúde ou à vida sexual, dado genético ou biométrico, quando vinculado a uma pessoa natural.”</strong></p>
<ul class="ListaEst">
<li><a>O que é ANPD?</a></li>
</ul>
<p style="margin-bottom: 20px; text-align: justify;">A ANPD, ou Autoridade Nacional de Proteção de Dados, é o órgão responsável por zelar pela proteção de dados pessoais no Brasil, conforme a Lei Geral de Proteção de Dados (LGPD). Sua função principal é garantir que as regras sobre o tratamento de dados sejam cumpridas, promovendo a transparência, a segurança e os direitos dos titulares de dados. A ANPD também tem o poder de aplicar sanções em casos de infrações à legislação. Foi criada em 2020 e desempenha um papel fundamental na regulamentação e fiscalização da privacidade e proteção de dados no país.</p>
<ul class="ListaEst">
<li><a>O que são Agentes de Tratamento?<br />
</a></li>
</ul>
<p style="margin-bottom: 20px; text-align: justify;">Agentes de tratamento são as entidades ou pessoas que realizam operações com dados pessoais. Na Lei Geral de Proteção de Dados (LGPD) do Brasil, os agentes de tratamento são classificados em duas categorias principais:</p>
<div style="margin-left:20px; margin-bottom:30px; text-align: justify; ">
<p style="text-align: justify;"><strong>1. Controlador: “pessoa natural ou jurídica, de direito público ou privado, a quem competem as decisões referentes ao tratamento de dados pessoais”</strong>, determinando os meios essenciais ao tratamento, como a definição da finalidade e dos objetivos que justificam a realização do tratamento, qual é a hipótese legal aplicável, os dados pessoais e a duração do tratamento, sendo, portanto, o responsável pelo negócio, processo ou sistema envolvido.</p>
<p style="text-align: justify;"><strong>2. Operador: “pessoa natural ou jurídica, de direito público ou privado, que realiza o tratamento de dados pessoais em nome do controlador”</strong>. O operador age sob a orientação do controlador e não decide sobre as finalidades do tratamento.</p>
</div>
<p style="margin-bottom: 20px; text-align: justify;">Ambos têm responsabilidades e obrigações específicas em relação à proteção dos dados, garantindo que sejam tratados de forma adequada e segura.</p>
<ul class="ListaEst">
<li><a>O que é a Lei Estadual Nº 18.699/2024?<br />
</a></li>
</ul>
<p style="margin-bottom: 20px; text-align: justify;">No Ceará, a LGPD foi regulamentada pela Lei nº 18.699, de 07 de março de 2024, que dispõe sobre o Modelo de Governança da Proteção de Dados Pessoais no âmbito do Poder Executivo Estadual. Essa lei visa assegurar a implementação de práticas adequadas de gestão e proteção de dados, reforçando a transparência e o respeito aos direitos dos titulares.</p>
<p  style="text-align: justify;">
O Art. 7º do referido regramento estabeleceu que os órgãos públicos deverão instituir, por ato próprio, seu <strong>Comitê Setorial de Proteção de Dados Pessoais – CSPD</strong>, o qual, preferencialmente, deverá ter a seguinte composição:
</p>
<div style="margin-left:20px; margin-bottom:30px ">
<p>I &#8211; 2 (dois) representantes da gestão superior;</p>
<p>II &#8211; representante da área de tecnologia;</p>
<p>III &#8211; representante da unidade setorial de controle interno;</p>
<p>IV &#8211; encarregado de dados pessoais.</p>
</div>
<p style="text-align: justify;">
Nesse sentido, através das Portarias <a target="_blank" href="http://www.funceme.br/wp-content/uploads/2025/04/Portaria_No_081_2024_Comite_Setorial_de_Protecao_de_Dados_CSPD_Funceme.pdf" rel="noopener"><strong>Nº 081/2024</strong></a> e <a target="_blank" href="http://www.funceme.br/wp-content/uploads/2025/04/Portaria_No_030_2025_Alteracao_Comite_Setorial_de_Protecao_de_Dados.pdf" rel="noopener"><strong>Nº 030/2025</strong></a>, foi instituído o <strong>Comitê Setorial de Proteção de Dados Pessoais (CSPD) da Funceme</strong>, com a seguinte composição:</p>
<div style="margin-left:20px; margin-bottom:30px ">
<p style="text-align: justify;">&#8211; <strong>FRANCISCO HOILTON ARARIPE RIOS</strong> (matrícula 30000.0.X) e <strong>FRANCISCO DAS CHAGAS VASCONCELOS JÚNIOR</strong> (matrícula 300037.2.1), representando a gestão superior;</p>
<p style="text-align: justify;">&#8211; <strong>JOSÉ MARCELO RODRIGUES PEREIRA</strong> (matrícula 300033.8.1), representando a área de tecnologia;</p>
<p style="text-align: justify;">&#8211; <strong>MARIA GORETTI MAMEDIO DE SOUSA MELO</strong> (matrícula 300036.2.4), representante da unidade de controle interno e substituta da encarregada de proteção de dados pessoais;</p>
<p style="text-align: justify;">&#8211; <strong>FERNANDA AZEVEDO BENEVIDES</strong> (matrícula 300001.7.X), encarregada de proteção de dados pessoais;</p>
<p style="text-align: justify;">&#8211; <strong>MARILENE DA PÁSCOA BARROS</strong> (matrícula 300026.0.1), representando a Assessoria Jurídica.</p>
</div>
<ul class="ListaEst">
<li><a>O que é o Encarregado pelo Tratamento de Dados Pessoais?<br />
</a></li>
</ul>
<p  style="text-align: justify;">O Art. 5º, inciso VIII, da Lei Nº 13.709/2018, dispõe que o Encarregado pelo Tratamento de Dados Pessoais é a <strong>“pessoa indicada pelo controlador e operador para atuar como canal de comunicação entre o controlador, os titulares dos dados e a Autoridade Nacional de Proteção de Dados (ANPD).”</strong></p>
<p style="text-align: justify;">De acordo com o Art. 41, §2º, da Lei Nº 13.709/2018, as atividades do encarregado consistem em:</p>
<div style="margin-left:20px; margin-bottom:30px ">
<p>I &#8211; aceitar reclamações e comunicações dos titulares, prestar esclarecimentos e adotar providências;</p>
<p>II &#8211; receber comunicações da autoridade nacional e adotar providências;</p>
<p>III &#8211; orientar os funcionários e os contratados da entidade a respeito das práticas a serem tomadas em relação à proteção de dados pessoais; e</p>
<p>IV &#8211; executar as demais atribuições determinadas pelo controlador ou estabelecidas em normas complementares.”</p>
</div>
<ul class="ListaEst">
<li><a>Como serão atendidas as solicitações dos titulares de dados pessoais?<br />
</a></li>
</ul>
<p  style="text-align: justify;">Como forma de expressar claramente as responsabilidades das áreas envolvidas e da atuação do encarregado de dados, a Funceme definiu um <strong><a href="http://www.funceme.br/wp-content/uploads/2025/08/Atender-Solicitacoes-dos-Titulares.png" target="_blank" style="font-size: 1em; text-decoration: underline;" rel="noopener">fluxo de atendimento das demandas dos titulares de dados pessoais.</a></strong></p>
</div>
<div class="col">
</div>
</div>

<p>Lei Geral de Proteção de Dados Pessoais (LGPD) Dados do Encarregado &#8211; Funceme: Fernanda Azevêdo Benevides (Titular) Maria Goretti Mamedio de Sousa Melo (Suplente) Contato: encarregado@funceme.br Telefone: (85) 3125.8249 O que é a Lei Geral de Proteção de Dados Pessoais &#8211; LGPD? A LGPD é a lei Nº 13.709, aprovada em Agosto de 2018 e com vigência [&hellip;]</p>
