{"id":13960,"date":"2025-04-29T13:25:16","date_gmt":"2025-04-29T16:25:16","guid":{"rendered":"https:\/\/www.funceme.br\/?page_id=13960"},"modified":"2025-04-30T13:48:00","modified_gmt":"2025-04-30T16:48:00","slug":"plano-plurianual-ppa-2020-2023","status":"publish","type":"page","link":"http:\/\/www.funceme.br\/?page_id=13960","title":{"rendered":"PLANO PLURIANUAL PPA 2020-2023"},"content":{"rendered":"<style>\n.arquivo {\n  display: flex;\n  align-items: center; \/* Alinha verticalmente ao centro *\/\n  gap: 0px; \/* Espa\u00e7o entre imagem e texto *\/\n}\n<\/style>\n<div class=\"\">\n<ul class=\"CategoriasNoticias\">\n<li>\n  <a href=\"?page_id=13945\"><strong>PLANO PLURIANUAL<\/strong><\/a>\n <\/li>\n<\/ul>\n<h2 class=\"-bold\"><strong>PPA 2020-2023<\/strong><\/h2>\n<p>&nbsp;<\/p>\n<p>O Plano Plurianual (PPA) \u00e9 o instrumento de planejamento que estabelece, de forma regionalizada, as diretrizes, objetivos e metas da administra\u00e7\u00e3o p\u00fablica estadual para as despesas de capital e outras delas decorrentes e para relativas aos programas de dura\u00e7\u00e3o continuada, conforme disposto no artigo 165 da Constitui\u00e7\u00e3o Federal de 1988. O PPA declara as escolhas pactuadas com a sociedade e contribui para viabilizar os objetivos propostos na consecu\u00e7\u00e3o dos resultados almejados.<\/p>\n<p>&nbsp;<\/p>\n<ul class=\"ListaEst col1\" style=\"font-weight: bold\">\n<li><a target=\"_blank\" href=\"\/wp-content\/uploads\/2025\/04\/Lei-e-Estrutura-PPA-2020-2023.pdf\" rel=\"noopener\">\n<div class=\"arquivo\">\n  <img decoding=\"async\" loading=\"lazy\" src=\"wp-content\/uploads\/2025\/04\/pdf_icon.png\" alt=\"PDF\" width=\"30\" height=\"30\" style=\"margin: 0;\"><br \/>\n  <span>Plano Plurianual (PPA) 2020-2023<\/span>\n<\/div>\n<p><\/a><\/li>\n<\/ul>\n<p>&nbsp;<\/p>\n<\/p><\/div>\n","protected":false},"excerpt":{"rendered":"<p>PLANO PLURIANUAL PPA 2020-2023 &nbsp; O Plano Plurianual (PPA) \u00e9 o instrumento de planejamento que estabelece, de forma regionalizada, as diretrizes, objetivos e metas da administra\u00e7\u00e3o p\u00fablica estadual para as despesas de capital e outras delas decorrentes e para relativas aos programas de dura\u00e7\u00e3o continuada, conforme disposto no artigo 165 da Constitui\u00e7\u00e3o Federal de 1988. [&hellip;]<\/p>\n","protected":false},"author":1,"featured_media":0,"parent":0,"menu_order":0,"comment_status":"closed","ping_status":"closed","template":"","meta":[],"acf":[],"_links":{"self":[{"href":"http:\/\/www.funceme.br\/index.php?rest_route=\/wp\/v2\/pages\/13960"}],"collection":[{"href":"http:\/\/www.funceme.br\/index.php?rest_route=\/wp\/v2\/pages"}],"about":[{"href":"http:\/\/www.funceme.br\/index.php?rest_route=\/wp\/v2\/types\/page"}],"author":[{"embeddable":true,"href":"http:\/\/www.funceme.br\/index.php?rest_route=\/wp\/v2\/users\/1"}],"replies":[{"embeddable":true,"href":"http:\/\/www.funceme.br\/index.php?rest_route=%2Fwp%2Fv2%2Fcomments&post=13960"}],"version-history":[{"count":7,"href":"http:\/\/www.funceme.br\/index.php?rest_route=\/wp\/v2\/pages\/13960\/revisions"}],"predecessor-version":[{"id":14027,"href":"http:\/\/www.funceme.br\/index.php?rest_route=\/wp\/v2\/pages\/13960\/revisions\/14027"}],"wp:attachment":[{"href":"http:\/\/www.funceme.br\/index.php?rest_route=%2Fwp%2Fv2%2Fmedia&parent=13960"}],"curies":[{"name":"wp","href":"https:\/\/api.w.org\/{rel}","templated":true}]}}

<style>
.arquivo {
  display: flex;
  align-items: center; /* Alinha verticalmente ao centro */
  gap: 0px; /* Espaço entre imagem e texto */
}
</style>
<div class="">
<ul class="CategoriasNoticias">
<li>
  <a href="?page_id=13945"><strong>PLANO PLURIANUAL</strong></a>
 </li>
</ul>
<h2 class="-bold"><strong>PPA 2020-2023</strong></h2>
<p>&nbsp;</p>
<p>O Plano Plurianual (PPA) é o instrumento de planejamento que estabelece, de forma regionalizada, as diretrizes, objetivos e metas da administração pública estadual para as despesas de capital e outras delas decorrentes e para relativas aos programas de duração continuada, conforme disposto no artigo 165 da Constituição Federal de 1988. O PPA declara as escolhas pactuadas com a sociedade e contribui para viabilizar os objetivos propostos na consecução dos resultados almejados.</p>
<p>&nbsp;</p>
<ul class="ListaEst col1" style="font-weight: bold">
<li><a target="_blank" href="/wp-content/uploads/2025/04/Lei-e-Estrutura-PPA-2020-2023.pdf" rel="noopener">
<div class="arquivo">
  <img decoding="async" loading="lazy" src="wp-content/uploads/2025/04/pdf_icon.png" alt="PDF" width="30" height="30" style="margin: 0;"><br />
  <span>Plano Plurianual (PPA) 2020-2023</span>
</div>
<p></a></li>
</ul>
<p>&nbsp;</p>
</p></div>

<p>PLANO PLURIANUAL PPA 2020-2023 &nbsp; O Plano Plurianual (PPA) é o instrumento de planejamento que estabelece, de forma regionalizada, as diretrizes, objetivos e metas da administração pública estadual para as despesas de capital e outras delas decorrentes e para relativas aos programas de duração continuada, conforme disposto no artigo 165 da Constituição Federal de 1988. [&hellip;]</p>
