{"id":14097,"date":"2025-05-19T16:33:42","date_gmt":"2025-05-19T19:33:42","guid":{"rendered":"http:\/\/www.funceme.br\/?page_id=14097"},"modified":"2025-10-08T13:22:56","modified_gmt":"2025-10-08T16:22:56","slug":"lgbd-cursos","status":"publish","type":"page","link":"http:\/\/www.funceme.br\/?page_id=14097","title":{"rendered":"LGPD Cursos"},"content":{"rendered":"<p><a href=\"?page_id=13316\" style=\"color: #fc6836;font-size: 0.8em\"> <\/p>\n<p><strong>LGPD<\/strong><\/p>\n<p><\/a><\/p>\n<h2><strong>Cursos<\/strong><\/h2>\n<p>&nbsp;<\/p>\n<ul class=\"ListaEst\">\n<li><a target=\"_blank\" href=\"https:\/\/www.escolavirtual.gov.br\/curso\/153\" rel=\"noopener\">\n<div class=\"tl-3 lateral \">\n<p style=\"font-weight: bold; font-size: medium;border-right: #ccc solid 1px;\"> ENAP &#8211; Introdu\u00e7\u00e3o \u00e0 Lei Brasileira de Prote\u00e7\u00e3o de Dados Pessoais &#8211; Carga hor\u00e1ria:10h  <\/p>\n<\/div>\n<div class=\"principal\" style=\"margin-bottom: 10px\">\n<p style=\"font-size: smaller;text-align: justify;\">O curso apresenta um panorama sobre a nova legisla\u00e7\u00e3o brasileira de prote\u00e7\u00e3o de dados pessoais (Lei 13.709\/18), compreendendo os temas mais importantes para a sua implementa\u00e7\u00e3o, como: fundamentos e campo de aplica\u00e7\u00e3o, princ\u00edpios e direitos do titular, responsabilidades dos agentes, aspectos internacionais, seguran\u00e7a e a Autoridade Nacional de Prote\u00e7\u00e3o de Dados, entre outros. O objetivo do curso \u00e9 capacitar as pessoas para entenderem, de forma r\u00e1pida e acess\u00edvel, o funcionamento e diretrizes b\u00e1sicas expostas na nova lei geral de prote\u00e7\u00e3o de dados do Brasil.<\/p>\n<\/p>\n<\/div>\n<p><\/a><\/li>\n<li><a target=\"_blank\" href=\"https:\/\/www.escolavirtual.gov.br\/curso\/290\" rel=\"noopener\">\n<div class=\"tl-3 lateral \">\n<p style=\"font-weight: bold; font-size: medium;border-right: #ccc solid 1px;\"> ENAP &#8211; Prote\u00e7\u00e3o de Dados Pessoais no Setor P\u00fablico &#8211; Carga hor\u00e1ria:15h  <\/p>\n<\/div>\n<div class=\"principal\" style=\"margin-bottom: 10px\">\n<p style=\"font-size: smaller;text-align: justify;\">Que tal saber mais sobre a Lei Geral de Prote\u00e7\u00e3o de Dados (LGDP) e sua aplicabilidade? Voc\u00ea aprender\u00e1 conhecimentos importantes sobre os processos e as medidas de seguran\u00e7a para tratar e proteger dados pessoais no setor p\u00fablico. O curso prop\u00f5e esclarecer aos participantes os diversos pontos apresentados na lei. Fique por dentro desse assunto!<\/p>\n<\/p>\n<\/div>\n<p><\/a><\/li>\n<li><a target=\"_blank\" href=\"https:\/\/www.escolavirtual.gov.br\/curso\/529\" rel=\"noopener\">\n<div class=\"tl-3 lateral \">\n<p style=\"font-weight: bold; font-size: medium;border-right: #ccc solid 1px;\"> ENAP &#8211; Como Implementar a LGPD: Bases, Mecanismos e Processos &#8211; Carga hor\u00e1ria:25h  <\/p>\n<\/div>\n<div class=\"principal\" style=\"margin-bottom: 10px\">\n<p style=\"font-size: smaller;text-align: justify;\">Seja para implementar um servi\u00e7o simples ao cidad\u00e3o ou um que utiliza dados mais sens\u00edveis, \u00e9 essencial ter em mente a necessidade de criar uma pol\u00edtica de seguran\u00e7a e toda a estrutura que acompanha esse processo, para que o passo l\u00f3gico seja apenas ajust\u00e1-lo \u00e0 LGPD. Para aprender as bases, mecanismos e outros processos relacionados \u00e0 lei, fa\u00e7a j\u00e1 sua inscri\u00e7\u00e3o neste curso e venha ser EV.G!<\/p>\n<\/p>\n<\/div>\n<p><\/a><\/li>\n<li><a target=\"_blank\" href=\"https:\/\/www.escolavirtual.gov.br\/curso\/1041\" rel=\"noopener\">\n<div class=\"tl-3 lateral \">\n<p style=\"font-weight: bold; font-size: medium;border-right: #ccc solid 1px;\"> ENAP &#8211; Atua\u00e7\u00e3o do Encarregado na LGPD: A Fun\u00e7\u00e3o de Orientar &#8211; Carga hor\u00e1ria: 15h  <\/p>\n<\/div>\n<div class=\"principal\" style=\"margin-bottom: 10px\">\n<p style=\"font-size: smaller;text-align: justify;\">O encarregado \u00e9 o profissional chave para a prote\u00e7\u00e3o de dados em uma organiza\u00e7\u00e3o! Aprenda a implementar a LGPD, orientar equipes e garantir a seguran\u00e7a das informa\u00e7\u00f5es. Neste curso, voc\u00ea aprender\u00e1 as pr\u00e1ticas essenciais para garantir a privacidade e seguran\u00e7a das informa\u00e7\u00f5es, desde a gest\u00e3o estrat\u00e9gica at\u00e9 a orienta\u00e7\u00e3o de \u00e1reas-chave como TI e RH. Prepare-se para liderar a cultura de prote\u00e7\u00e3o de dados na sua organiza\u00e7\u00e3o!<\/p>\n<\/p>\n<\/div>\n<p><\/a><\/li>\n<\/ul>\n","protected":false},"excerpt":{"rendered":"<p>LGPD Cursos &nbsp; ENAP &#8211; Introdu\u00e7\u00e3o \u00e0 Lei Brasileira de Prote\u00e7\u00e3o de Dados Pessoais &#8211; Carga hor\u00e1ria:10h O curso apresenta um panorama sobre a nova legisla\u00e7\u00e3o brasileira de prote\u00e7\u00e3o de dados pessoais (Lei 13.709\/18), compreendendo os temas mais importantes para a sua implementa\u00e7\u00e3o, como: fundamentos e campo de aplica\u00e7\u00e3o, princ\u00edpios e direitos do titular, responsabilidades [&hellip;]<\/p>\n","protected":false},"author":1,"featured_media":0,"parent":0,"menu_order":0,"comment_status":"closed","ping_status":"closed","template":"","meta":[],"acf":[],"_links":{"self":[{"href":"http:\/\/www.funceme.br\/index.php?rest_route=\/wp\/v2\/pages\/14097"}],"collection":[{"href":"http:\/\/www.funceme.br\/index.php?rest_route=\/wp\/v2\/pages"}],"about":[{"href":"http:\/\/www.funceme.br\/index.php?rest_route=\/wp\/v2\/types\/page"}],"author":[{"embeddable":true,"href":"http:\/\/www.funceme.br\/index.php?rest_route=\/wp\/v2\/users\/1"}],"replies":[{"embeddable":true,"href":"http:\/\/www.funceme.br\/index.php?rest_route=%2Fwp%2Fv2%2Fcomments&post=14097"}],"version-history":[{"count":31,"href":"http:\/\/www.funceme.br\/index.php?rest_route=\/wp\/v2\/pages\/14097\/revisions"}],"predecessor-version":[{"id":14459,"href":"http:\/\/www.funceme.br\/index.php?rest_route=\/wp\/v2\/pages\/14097\/revisions\/14459"}],"wp:attachment":[{"href":"http:\/\/www.funceme.br\/index.php?rest_route=%2Fwp%2Fv2%2Fmedia&parent=14097"}],"curies":[{"name":"wp","href":"https:\/\/api.w.org\/{rel}","templated":true}]}}

<p><a href="?page_id=13316" style="color: #fc6836;font-size: 0.8em"> </p>
<p><strong>LGPD</strong></p>
<p></a></p>
<h2><strong>Cursos</strong></h2>
<p>&nbsp;</p>
<ul class="ListaEst">
<li><a target="_blank" href="https://www.escolavirtual.gov.br/curso/153" rel="noopener">
<div class="tl-3 lateral ">
<p style="font-weight: bold; font-size: medium;border-right: #ccc solid 1px;"> ENAP &#8211; Introdução à Lei Brasileira de Proteção de Dados Pessoais &#8211; Carga horária:10h  </p>
</div>
<div class="principal" style="margin-bottom: 10px">
<p style="font-size: smaller;text-align: justify;">O curso apresenta um panorama sobre a nova legislação brasileira de proteção de dados pessoais (Lei 13.709/18), compreendendo os temas mais importantes para a sua implementação, como: fundamentos e campo de aplicação, princípios e direitos do titular, responsabilidades dos agentes, aspectos internacionais, segurança e a Autoridade Nacional de Proteção de Dados, entre outros. O objetivo do curso é capacitar as pessoas para entenderem, de forma rápida e acessível, o funcionamento e diretrizes básicas expostas na nova lei geral de proteção de dados do Brasil.</p>
</p>
</div>
<p></a></li>
<li><a target="_blank" href="https://www.escolavirtual.gov.br/curso/290" rel="noopener">
<div class="tl-3 lateral ">
<p style="font-weight: bold; font-size: medium;border-right: #ccc solid 1px;"> ENAP &#8211; Proteção de Dados Pessoais no Setor Público &#8211; Carga horária:15h  </p>
</div>
<div class="principal" style="margin-bottom: 10px">
<p style="font-size: smaller;text-align: justify;">Que tal saber mais sobre a Lei Geral de Proteção de Dados (LGDP) e sua aplicabilidade? Você aprenderá conhecimentos importantes sobre os processos e as medidas de segurança para tratar e proteger dados pessoais no setor público. O curso propõe esclarecer aos participantes os diversos pontos apresentados na lei. Fique por dentro desse assunto!</p>
</p>
</div>
<p></a></li>
<li><a target="_blank" href="https://www.escolavirtual.gov.br/curso/529" rel="noopener">
<div class="tl-3 lateral ">
<p style="font-weight: bold; font-size: medium;border-right: #ccc solid 1px;"> ENAP &#8211; Como Implementar a LGPD: Bases, Mecanismos e Processos &#8211; Carga horária:25h  </p>
</div>
<div class="principal" style="margin-bottom: 10px">
<p style="font-size: smaller;text-align: justify;">Seja para implementar um serviço simples ao cidadão ou um que utiliza dados mais sensíveis, é essencial ter em mente a necessidade de criar uma política de segurança e toda a estrutura que acompanha esse processo, para que o passo lógico seja apenas ajustá-lo à LGPD. Para aprender as bases, mecanismos e outros processos relacionados à lei, faça já sua inscrição neste curso e venha ser EV.G!</p>
</p>
</div>
<p></a></li>
<li><a target="_blank" href="https://www.escolavirtual.gov.br/curso/1041" rel="noopener">
<div class="tl-3 lateral ">
<p style="font-weight: bold; font-size: medium;border-right: #ccc solid 1px;"> ENAP &#8211; Atuação do Encarregado na LGPD: A Função de Orientar &#8211; Carga horária: 15h  </p>
</div>
<div class="principal" style="margin-bottom: 10px">
<p style="font-size: smaller;text-align: justify;">O encarregado é o profissional chave para a proteção de dados em uma organização! Aprenda a implementar a LGPD, orientar equipes e garantir a segurança das informações. Neste curso, você aprenderá as práticas essenciais para garantir a privacidade e segurança das informações, desde a gestão estratégica até a orientação de áreas-chave como TI e RH. Prepare-se para liderar a cultura de proteção de dados na sua organização!</p>
</p>
</div>
<p></a></li>
</ul>

<p>LGPD Cursos &nbsp; ENAP &#8211; Introdução à Lei Brasileira de Proteção de Dados Pessoais &#8211; Carga horária:10h O curso apresenta um panorama sobre a nova legislação brasileira de proteção de dados pessoais (Lei 13.709/18), compreendendo os temas mais importantes para a sua implementação, como: fundamentos e campo de aplicação, princípios e direitos do titular, responsabilidades [&hellip;]</p>
