{"id":2383,"date":"2019-02-05T08:58:45","date_gmt":"2019-02-05T11:58:45","guid":{"rendered":"http:\/\/wp.funceme.br\/?page_id=2383"},"modified":"2025-03-06T09:39:23","modified_gmt":"2025-03-06T12:39:23","slug":"monitoramento","status":"publish","type":"page","link":"http:\/\/www.funceme.br\/?page_id=2383","title":{"rendered":"Monitoramento"},"content":{"rendered":"<p><!--In\u00edcio Monitoramento-->   <\/p>\n<div class=\"row\">\n<div class=\"Card  Calendario  BgVerde  row\">\n<div class=\"dt-9\">\n<h3><b>MONITORAMENTO<\/b><\/h3>\n<\/p><\/div>\n<\/p><\/div>\n<section class=\" servico-temas servico-tema-\">\n<div class=\"dt-12\">\n<ul class=\"ListaEst col4 -Verde\">\n<li class=\"item\">\n<p>                    <a class=\"box\" href=\"https:\/\/chuvas.funceme.br\/\" target=\"_blank\" rel=\"noopener noreferrer\"><\/p>\n<h3>CALEND\u00c1RIO DAS CHUVAS<\/h3>\n<p>                    <\/a>\n                <\/li>\n<li class=\"item\">\n                    <a class=\"box\" href=\"?page_id=2694\"><\/p>\n<h3>POSTOS PLUVIOM\u00c9TRICOS<\/h3>\n<p>                    <\/a>\n                <\/li>\n<p><!--\n                \n\n<li class=\"item\">\n                    <a class=\"box\" href=\"?page_id=2702\">\n                        \n\n<h3>GR\u00c1FICO DE CHUVAS DOS POSTOS PLUVIOM\u00c9TRICOS<\/h3>\n\n\n                    <\/a>\n                <\/li>\n\n --><\/p>\n<li class=\"item\">\n                    <a class=\"box\" href=\"?page_id=2714\"><\/p>\n<h3>NASCER E P\u00d4R DO SOL<\/h3>\n<p>                    <\/a>\n                <\/li>\n<li class=\"item\">\n                    <a class=\"box\" href=\"https:\/\/radar.funceme.br\" target=\"blank\" rel=\"noopener noreferrer\"><\/p>\n<h3>PRECIPITA\u00c7\u00c3O POR RADAR<\/h3>\n<p>                    <\/a>\n                <\/li>\n<p><!--\n                \n\n<li class=\"item\">\n                    <a class=\"box\" href=\"?page_id=2718\">\n                        \n\n<h3>QUANTIS<\/h3>\n\n\n                    <\/a>\n                <\/li>\n\n --><\/p>\n<li class=\"item\">\n                    <a class=\"box\" href=\"https:\/\/pcd.funceme.br\" target=\"_blank\" rel=\"noopener noreferrer\"><\/p>\n<h3>PLATAFORMAS DE COLETA DE DADOS (PCDs)<\/h3>\n<p>                    <\/a>\n                <\/li>\n<li class=\"item\">\n                    <a class=\"box\" href=\"?page_id=2721\"><\/p>\n<h3>ZONA DE CONVERG\u00caNCIA INTERTROPICAL (ZCIT)<\/h3>\n<p>                    <\/a>\n                <\/li>\n<li class=\"item\">\n                    <a class=\"box\" href=\"?page_id=2723\"><\/p>\n<h3>CAMPOS DE TSM E VENTO NO ATL\u00c2NTICO TROPICAL<\/h3>\n<p>                    <\/a>\n                <\/li>\n<li class=\"item\">\n                    <a class=\"box\" href=\"?page_id=2726\"><\/p>\n<h3>PROJETO PIRATA<\/h3>\n<p>                    <\/a>\n                <\/li>\n<li class=\"item\">\n                    <a class=\"box\" href=\"?page_id=2744\"><\/p>\n<h3>SIMIC<\/h3>\n<p>                    <\/a>\n                <\/li>\n<li class=\"item\">\n                    <a class=\"box\" href=\"http:\/\/www.hidro.ce.gov.br\/\" target=\"_blank\" rel=\"noopener noreferrer\"><\/p>\n<h3>PORTAL HIDROL\u00d3GICO<\/h3>\n<p>                    <\/a>\n                <\/li>\n<li class=\"item\">\n                    <a class=\"box\" href=\"?page_id=2746\"><\/p>\n<h3>UMIDADE DO SOLO<\/h3>\n<p>                    <\/a>\n                <\/li>\n<li class=\"item\">\n                    <a class=\"box\" href=\"https:\/\/focoscalor.funceme.br\/\" target=\"_blank\" rel=\"noopener\"><\/p>\n<h3>FOCOS DE CALOR<\/h3>\n<p>                    <\/a>\n                <\/li>\n<li class=\"item\">\n                    <a class=\"box\" href=\"?page_id=2714\"><\/p>\n<h3>MAR\u00c9S E LUAS<\/h3>\n<p>                    <\/a>\n                <\/li>\n<li class=\"item\">\n                    <a class=\"box\" href=\"?page_id=10324\"><\/p>\n<h3>BOLETINS<\/h3>\n<p>                    <\/a>\n                <\/li>\n<li class=\"item\">\n                    <a class=\"box\" href=\"?page_id=10933\"><\/p>\n<h3>PROJETO SWOT<\/h3>\n<p>                    <\/a>\n                <\/li>\n<li class=\"item\">\n                    <a class=\"box\" target=\"_blank\" href=\"http:\/\/satelite.funceme.br\/\" rel=\"noopener\"><\/p>\n<h3>SAT\u00c9LITE<\/h3>\n<p>                    <\/a>\n                <\/li>\n<li class=\"item\">\n                    <a class=\"box\" target=\"_blank\" href=\"http:\/\/nowcastsig.funceme.br\/\" rel=\"noopener\"><\/p>\n<h3>NOWCASTSIG<\/h3>\n<p>                    <\/a>\n                <\/li>\n<\/ul>\n<\/section>\n<\/div>\n","protected":false},"excerpt":{"rendered":"<p>MONITORAMENTO CALEND\u00c1RIO DAS CHUVAS POSTOS PLUVIOM\u00c9TRICOS NASCER E P\u00d4R DO SOL PRECIPITA\u00c7\u00c3O POR RADAR PLATAFORMAS DE COLETA DE DADOS (PCDs) ZONA DE CONVERG\u00caNCIA INTERTROPICAL (ZCIT) CAMPOS DE TSM E VENTO NO ATL\u00c2NTICO TROPICAL PROJETO PIRATA SIMIC PORTAL HIDROL\u00d3GICO UMIDADE DO SOLO FOCOS DE CALOR MAR\u00c9S E LUAS BOLETINS PROJETO SWOT SAT\u00c9LITE NOWCASTSIG<\/p>\n","protected":false},"author":4,"featured_media":0,"parent":2122,"menu_order":2,"comment_status":"closed","ping_status":"closed","template":"","meta":[],"acf":[],"_links":{"self":[{"href":"http:\/\/www.funceme.br\/index.php?rest_route=\/wp\/v2\/pages\/2383"}],"collection":[{"href":"http:\/\/www.funceme.br\/index.php?rest_route=\/wp\/v2\/pages"}],"about":[{"href":"http:\/\/www.funceme.br\/index.php?rest_route=\/wp\/v2\/types\/page"}],"author":[{"embeddable":true,"href":"http:\/\/www.funceme.br\/index.php?rest_route=\/wp\/v2\/users\/4"}],"replies":[{"embeddable":true,"href":"http:\/\/www.funceme.br\/index.php?rest_route=%2Fwp%2Fv2%2Fcomments&post=2383"}],"version-history":[{"count":36,"href":"http:\/\/www.funceme.br\/index.php?rest_route=\/wp\/v2\/pages\/2383\/revisions"}],"predecessor-version":[{"id":13746,"href":"http:\/\/www.funceme.br\/index.php?rest_route=\/wp\/v2\/pages\/2383\/revisions\/13746"}],"up":[{"embeddable":true,"href":"http:\/\/www.funceme.br\/index.php?rest_route=\/wp\/v2\/pages\/2122"}],"wp:attachment":[{"href":"http:\/\/www.funceme.br\/index.php?rest_route=%2Fwp%2Fv2%2Fmedia&parent=2383"}],"curies":[{"name":"wp","href":"https:\/\/api.w.org\/{rel}","templated":true}]}}