{"id":2388,"date":"2019-02-05T09:01:50","date_gmt":"2019-02-05T12:01:50","guid":{"rendered":"http:\/\/wp.funceme.br\/?page_id=2388"},"modified":"2019-02-19T14:24:45","modified_gmt":"2019-02-19T17:24:45","slug":"mapas-tematicos","status":"publish","type":"page","link":"http:\/\/www.funceme.br\/?page_id=2388","title":{"rendered":"Mapas Tem\u00e1ticos"},"content":{"rendered":"<p><!--inicio dos mapas tem\u00e1ticos--><\/p>\n<div class=\"row\">\n<div class=\"Card  Calendario  BgVerde  row\">\n<div class=\"dt-9\">\n<h3><b>MAPAS TEM\u00c1TICOS<\/b><\/h3>\n<\/p><\/div>\n<\/p><\/div>\n<section class=\" servico-temas servico-tema-\">\n<div class=\"dt-12\">\n<ul class=\"ListaEst col3 -Laranja\">\n<li class=\"item\">\n                    <a class=\"box\" href=\"?page_id=2763\"><\/p>\n<h3>DEGRADA\u00c7\u00c3O AMBIENTAL<\/h3>\n<p>                    <\/a>\n                <\/li>\n<li class=\"item\">\n                    <a class=\"box\" href=\"?page_id=2765\"><\/p>\n<h3>SOLOS<\/h3>\n<p>                    <\/a>\n                <\/li>\n<li class=\"item\">\n                    <a class=\"box\" href=\"?page_id=2770\"><\/p>\n<h3>ZONEAMENTO GEOAMBIENTAL<\/h3>\n<p>                    <\/a>\n                <\/li>\n<li class=\"item\">\n                    <a class=\"box\" href=\"?page_id=2783\"><\/p>\n<h3>\u00cdNDICE DE ARIDEZ PARA O CEAR\u00c1<\/h3>\n<p>                    <\/a>\n                <\/li>\n<li class=\"item\">\n                    <a class=\"box\" href=\"?page_id=2950\"><\/p>\n<h3>MAPAS DO CEAR\u00c1<\/h3>\n<p>                    <\/a>\n                <\/li>\n<li class=\"item\">\n                    <a class=\"box\" href=\"?page_id=2964\"><\/p>\n<h3>MAPEAMENTO DOS A\u00c7UDES &#8211; DNOCS<\/h3>\n<p>                    <\/a>\n                <\/li>\n<li class=\"item\">\n                    <a class=\"box\" href=\"?page_id=2992\"><\/p>\n<h3>MAPEAMENTO APA &#8211; BATURIT\u00c9 2007<\/h3>\n<p>                    <\/a>\n                <\/li>\n<p>                <!--\n\n<li class=\"item\">\n                    <a class=\"box\" href=\"#\">\n                        \n\n<h3>MAPEAMENTO SOLOS - CARIRI 2012<\/h3>\n\n\n                    <\/a>\n                <\/li>\n\n--><\/p>\n<li class=\"item\">\n                    <a class=\"box\" href=\"?page_id=2772\"><\/p>\n<h3>PREVIS\u00c3O DI\u00c1RIA POR REGI\u00d5ES HIDROGR\u00c1FICAS<\/h3>\n<p>                    <\/a>\n                <\/li>\n<li class=\"item\">\n                    <a class=\"box\" href=\"?page_id=3004\"><\/p>\n<h3>PROJETO DE DESENVOLVIMENTO HIDROAMBIENTAL (PRODHAM)<\/h3>\n<p>                    <\/a>\n                <\/li>\n<p>                <!--\n\n<li class=\"item\">\n                    <a class=\"box\" href=\"#\">\n                        \n\n<h3>PROJETO MATA BRANCA<\/h3>\n\n\n                    <\/a>\n                <\/li>\n\n--><br \/>\n                <!--\n\n<li class=\"item\">\n                    <a class=\"box\" href=\"#\">\n                        \n\n<h3>ZONEAMENTO GEOAMBEINTAL - LITORAL (2002)<\/h3>\n\n\n                    <\/a>\n                <\/li>\n\n--><br \/>\n                <!--\n\n<li class=\"item\">\n                    <a class=\"box\" href=\"?page_id=3012\">\n                        \n\n<h3>ZONEAMENTO GEOAMBIENTAL - CARIRI (2006)<\/h3>\n\n\n                    <\/a>\n                <\/li>\n\n--><\/p>\n<li class=\"item\">\n                    <a class=\"box\" href=\"?page_id=2774\"><\/p>\n<h3>OUTROS MAPAS TEM\u00c1TICOS<\/h3>\n<p>                    <\/a>\n                <\/li>\n<\/ul><\/div>\n<\/section>\n<\/div>\n","protected":false},"excerpt":{"rendered":"<p>MAPAS TEM\u00c1TICOS DEGRADA\u00c7\u00c3O AMBIENTAL SOLOS ZONEAMENTO GEOAMBIENTAL \u00cdNDICE DE ARIDEZ PARA O CEAR\u00c1 MAPAS DO CEAR\u00c1 MAPEAMENTO DOS A\u00c7UDES &#8211; DNOCS MAPEAMENTO APA &#8211; BATURIT\u00c9 2007 PREVIS\u00c3O DI\u00c1RIA POR REGI\u00d5ES HIDROGR\u00c1FICAS PROJETO DE DESENVOLVIMENTO HIDROAMBIENTAL (PRODHAM) OUTROS MAPAS TEM\u00c1TICOS<\/p>\n","protected":false},"author":4,"featured_media":0,"parent":2122,"menu_order":4,"comment_status":"closed","ping_status":"closed","template":"","meta":[],"acf":[],"_links":{"self":[{"href":"http:\/\/www.funceme.br\/index.php?rest_route=\/wp\/v2\/pages\/2388"}],"collection":[{"href":"http:\/\/www.funceme.br\/index.php?rest_route=\/wp\/v2\/pages"}],"about":[{"href":"http:\/\/www.funceme.br\/index.php?rest_route=\/wp\/v2\/types\/page"}],"author":[{"embeddable":true,"href":"http:\/\/www.funceme.br\/index.php?rest_route=\/wp\/v2\/users\/4"}],"replies":[{"embeddable":true,"href":"http:\/\/www.funceme.br\/index.php?rest_route=%2Fwp%2Fv2%2Fcomments&post=2388"}],"version-history":[{"count":3,"href":"http:\/\/www.funceme.br\/index.php?rest_route=\/wp\/v2\/pages\/2388\/revisions"}],"predecessor-version":[{"id":3369,"href":"http:\/\/www.funceme.br\/index.php?rest_route=\/wp\/v2\/pages\/2388\/revisions\/3369"}],"up":[{"embeddable":true,"href":"http:\/\/www.funceme.br\/index.php?rest_route=\/wp\/v2\/pages\/2122"}],"wp:attachment":[{"href":"http:\/\/www.funceme.br\/index.php?rest_route=%2Fwp%2Fv2%2Fmedia&parent=2388"}],"curies":[{"name":"wp","href":"https:\/\/api.w.org\/{rel}","templated":true}]}}