{"id":2765,"date":"2019-02-12T14:25:07","date_gmt":"2019-02-12T17:25:07","guid":{"rendered":"http:\/\/wp.funceme.br\/?page_id=2765"},"modified":"2019-05-03T15:44:23","modified_gmt":"2019-05-03T18:44:23","slug":"solos","status":"publish","type":"page","link":"http:\/\/www.funceme.br\/?page_id=2765","title":{"rendered":"Solos"},"content":{"rendered":"<p>Classifica\u00e7\u00f5es T\u00e9cnicas<\/p>\n<p>Classifica\u00e7\u00e3o t\u00e9cnica ou interpretativa consiste da previs\u00e3o do comportamento dos solos sob manejos espec\u00edficos e sob certas condi\u00e7\u00f5es ambientais (STEELE, 1967 apud PRADO, 1996). \u00c9, normalmente, baseada em interpreta\u00e7\u00e3o de estudos b\u00e1sicos (levantamentos taxon\u00f4micos) de solos (BRASIL,1973; CAMARGO et al., 1987; EMBRAPA, 1999). Trabalhos executados pela Funceme cobriram as tr\u00eas principais classifica\u00e7\u00f5es interpretativas, que s\u00e3o: capacidade de uso do solo, aptid\u00e3o agr\u00edcola das terras e classifica\u00e7\u00e3o das terras para fins de irriga\u00e7\u00e3o.<\/p>\n<p>\u2022 Capacidade de Uso do Solo<br \/>\n\u2022 Aptid\u00e3o Agr\u00edcola das Terras<br \/>\n\u2022 Classifica\u00e7\u00e3o de Terras para Irriga\u00e7\u00e3o<br \/>\n\u2022 Bibliografia Recomendada<\/p>\n<p>Capacidade de Uso do Solo<\/p>\n<p>Este sistema foi desenvolvido, originalmente, pelo Servi\u00e7o Nacional de Conserva\u00e7\u00e3o do Solo dos Estados Unidos. Relaciona-se, estreitamente, com aspectos de conserva\u00e7\u00e3o de solos, onde as potencialidades, destes, s\u00e3o analisadas, com maior \u00eanfase, em suas limita\u00e7\u00f5es. Considera que o n\u00edvel de manejo deve ser m\u00e9dio ou alto e \u00e9 recomendado para locais que possuem levantamento pedol\u00f3gico detalhado ou semi-detalhado (PRADO, 1996).<\/p>\n<p>Aptid\u00e3o Agr\u00edcola das Terras<\/p>\n<p>Este sistema, desenvolvido por RAMALHO FILHO et al. (1978), tem a finalidade de fornecer a aptid\u00e3o agr\u00edcola das terras, fundamentada no seu melhor uso. S\u00e3o considerados tr\u00eas n\u00edveis de manejo e quatro classes de aptid\u00e3o. \u00c9 recomendado para locais onde se necessita de um planejamento agr\u00edcola regional e trabalhos de zoneamento agr\u00edcola. \u00c9 indicado para locais que possuam estudos de solos em n\u00edveis generalizados, de reconhecimento ou explorat\u00f3rio (PRADO, 1996).<\/p>\n<p>Classifica\u00e7\u00e3o de Terras para Irriga\u00e7\u00e3o<\/p>\n<p>Esta classifica\u00e7\u00e3o t\u00e9cnica \u00e9 feita, primordialmente, para a obten\u00e7\u00e3o de informa\u00e7\u00f5es necess\u00e1rias \u00e0 delimita\u00e7\u00e3o de terras em \u00e1reas de classes aptas para a irriga\u00e7\u00e3o, eliminando as \u00e1reas inaptas, nas condi\u00e7\u00f5es econ\u00f4micas prevalentes. Necessita da an\u00e1lise e avalia\u00e7\u00e3o de suas caracter\u00edsticas f\u00edsicas e qu\u00edmicas, incluindo as caracter\u00edsticas do solo e os aspectos topogr\u00e1ficos e de drenagem, al\u00e9m de um grande volume de dados adicionais relativos \u00e0 agronomia, economia e engenharia (CARTER,1998), exigindo-se, para o seu uso, levantamentos pedol\u00f3gicos semi-detalhados ou, preferencialmente, detalhados, principalmente se for \u00e1rea de v\u00e1rzea (PRADO, 1996).<\/p>\n<p>Caracteriza\u00e7\u00e3o de classes e representa\u00e7\u00e3o cartogr\u00e1fica, por unidades &#8220;dominantes&#8221; e &#8220;participativas&#8221;.<\/p>\n<p><img decoding=\"async\" loading=\"lazy\" class=\"alignnone size-full wp-image-2766\" src=\"http:\/\/www.funceme.br\/wp-content\/uploads\/2019\/02\/ce_solos.jpg\" alt=\"\" width=\"245\" height=\"303\" \/><\/p>\n<p>Parte dos problemas no entendimento das quest\u00f5es relativas a solos, de interesse agr\u00edcola, associa-se a dificuldade na identifica\u00e7\u00e3o destes, o que repercute, diretamente, na defini\u00e7\u00e3o de sua voca\u00e7\u00e3o, manejo e orienta\u00e7\u00e3o \u00e0 conserva\u00e7\u00e3o \/ preserva\u00e7\u00e3o ambiental. Em nossa regi\u00e3o, a complexidade geol\u00f3gica com predom\u00ednio de embasamento cristalino &#8211; a significativa varia\u00e7\u00e3o no &#8220;modelado&#8221; do terreno, associados a um ambiente, tipicamente, semi-\u00e1rido, resultaram em grande heterogeneidade, complexidade no arranjamento e varia\u00e7\u00e3o dos solos. Neste cen\u00e1rio, \u00e0 falta de informa\u00e7\u00f5es mais detalhadas e buscando-se facilitar a compreens\u00e3o do tema e, desse modo, auxiliar o planejamento e tomada de decis\u00f5es ao uso agr\u00edcola, \u00e9 apresentada a caracteriza\u00e7\u00e3o dos solos do Estado do Cear\u00e1, com representa\u00e7\u00e3o cartogr\u00e1fica &#8220;desagregada&#8221;, resultando em maior visibilidade e compreens\u00e3o.<\/p>\n<p>Nos cartogramas, cada classe de solo foi ilustrada em dois grupos: unidades dominantes e unidades participativas. O primeiro grupo corresponde \u00e0s unidades de mapeamento em que o solo em representa\u00e7\u00e3o figura em primeiro lugar na associa\u00e7\u00e3o, significando ter mais import\u00e2ncia sob o ponto de vista de extens\u00e3o. Nas unidades participativas, o solo em descri\u00e7\u00e3o \u00e9 contribuinte, predominantemente, secund\u00e1rio, terci\u00e1rio e\/ou de quarta ordem, em outras unidades de mapeamento, figurando como segundo e\/ou terceiro e\/ou quarto componente das associa\u00e7\u00f5es.<\/p>\n<p><img decoding=\"async\" loading=\"lazy\" class=\"alignnone size-full wp-image-2767\" src=\"http:\/\/www.funceme.br\/wp-content\/uploads\/2019\/02\/ce_uso_terra.jpg\" alt=\"\" width=\"245\" height=\"293\" \/><\/p>\n<p>Explica\u00e7\u00e3o da Legenda:<\/p>\n<p>a. Os s\u00edmbolos (siglas) relativos \u00e0s unidades de mapeamento de solos dever\u00e3o ser impressos na cor preta, excetuando-se o estabelecido nos itens b e c, abaixo relacionados;<br \/>\nb. S\u00edmbolo em vermelho indica que a classe de solo representada em primeiro lugar na associa\u00e7\u00e3o, tamb\u00e9m constitui 2\u00ba e\/ou 3\u00ba e\/ou 4\u00ba componente, na unidade de mapeamento de solo;<br \/>\nc. S\u00edmbolo em azul indica que uma mesma classe de solo constitui 2\u00ba e\/ou 3\u00ba e\/ou 4\u00ba componente na associa\u00e7\u00e3o, sendo diferente da classe representada em primeiro lugar, na unidade de mapeamento de solo;<br \/>\nd. S\u00edmbolo em mostarda (espec\u00edfica para os Solonchak-Solonetzico \/ Solos Indiscriminados de Mangues) indica que o segundo componente da associa\u00e7\u00e3o constitui, na representa\u00e7\u00e3o, o primeiro componente em unidade de mapeamento diferente.<\/p>\n<p>Representa\u00e7\u00e3o Cartogr\u00e1fica por Classe de Solos<\/p>\n<p>\u2022 Latossolos<\/p>\n<p>\u2022 Podz\u00f3licos Vermelho-Amarelo<\/p>\n<p>\u2022 Podz\u00f3licos Vermelho-Amarelo Eutr\u00f3fico<\/p>\n<p>\u2022 Bruno N\u00e3o C\u00e1lcico<\/p>\n<p>\u2022 Planossolos<\/p>\n<p>\u2022 Lit\u00f3licos<\/p>\n","protected":false},"excerpt":{"rendered":"<p>Classifica\u00e7\u00f5es T\u00e9cnicas Classifica\u00e7\u00e3o t\u00e9cnica ou interpretativa consiste da previs\u00e3o do comportamento dos solos sob manejos espec\u00edficos e sob certas condi\u00e7\u00f5es ambientais (STEELE, 1967 apud PRADO, 1996). \u00c9, normalmente, baseada em interpreta\u00e7\u00e3o de estudos b\u00e1sicos (levantamentos taxon\u00f4micos) de solos (BRASIL,1973; CAMARGO et al., 1987; EMBRAPA, 1999). Trabalhos executados pela Funceme cobriram as tr\u00eas principais classifica\u00e7\u00f5es interpretativas, [&hellip;]<\/p>\n","protected":false},"author":1,"featured_media":0,"parent":2122,"menu_order":0,"comment_status":"closed","ping_status":"closed","template":"","meta":[],"acf":[],"_links":{"self":[{"href":"http:\/\/www.funceme.br\/index.php?rest_route=\/wp\/v2\/pages\/2765"}],"collection":[{"href":"http:\/\/www.funceme.br\/index.php?rest_route=\/wp\/v2\/pages"}],"about":[{"href":"http:\/\/www.funceme.br\/index.php?rest_route=\/wp\/v2\/types\/page"}],"author":[{"embeddable":true,"href":"http:\/\/www.funceme.br\/index.php?rest_route=\/wp\/v2\/users\/1"}],"replies":[{"embeddable":true,"href":"http:\/\/www.funceme.br\/index.php?rest_route=%2Fwp%2Fv2%2Fcomments&post=2765"}],"version-history":[{"count":2,"href":"http:\/\/www.funceme.br\/index.php?rest_route=\/wp\/v2\/pages\/2765\/revisions"}],"predecessor-version":[{"id":4625,"href":"http:\/\/www.funceme.br\/index.php?rest_route=\/wp\/v2\/pages\/2765\/revisions\/4625"}],"up":[{"embeddable":true,"href":"http:\/\/www.funceme.br\/index.php?rest_route=\/wp\/v2\/pages\/2122"}],"wp:attachment":[{"href":"http:\/\/www.funceme.br\/index.php?rest_route=%2Fwp%2Fv2%2Fmedia&parent=2765"}],"curies":[{"name":"wp","href":"https:\/\/api.w.org\/{rel}","templated":true}]}}

<p>Classificações Técnicas</p>
<p>Classificação técnica ou interpretativa consiste da previsão do comportamento dos solos sob manejos específicos e sob certas condições ambientais (STEELE, 1967 apud PRADO, 1996). É, normalmente, baseada em interpretação de estudos básicos (levantamentos taxonômicos) de solos (BRASIL,1973; CAMARGO et al., 1987; EMBRAPA, 1999). Trabalhos executados pela Funceme cobriram as três principais classificações interpretativas, que são: capacidade de uso do solo, aptidão agrícola das terras e classificação das terras para fins de irrigação.</p>
<p>• Capacidade de Uso do Solo<br />
• Aptidão Agrícola das Terras<br />
• Classificação de Terras para Irrigação<br />
• Bibliografia Recomendada</p>
<p>Capacidade de Uso do Solo</p>
<p>Este sistema foi desenvolvido, originalmente, pelo Serviço Nacional de Conservação do Solo dos Estados Unidos. Relaciona-se, estreitamente, com aspectos de conservação de solos, onde as potencialidades, destes, são analisadas, com maior ênfase, em suas limitações. Considera que o nível de manejo deve ser médio ou alto e é recomendado para locais que possuem levantamento pedológico detalhado ou semi-detalhado (PRADO, 1996).</p>
<p>Aptidão Agrícola das Terras</p>
<p>Este sistema, desenvolvido por RAMALHO FILHO et al. (1978), tem a finalidade de fornecer a aptidão agrícola das terras, fundamentada no seu melhor uso. São considerados três níveis de manejo e quatro classes de aptidão. É recomendado para locais onde se necessita de um planejamento agrícola regional e trabalhos de zoneamento agrícola. É indicado para locais que possuam estudos de solos em níveis generalizados, de reconhecimento ou exploratório (PRADO, 1996).</p>
<p>Classificação de Terras para Irrigação</p>
<p>Esta classificação técnica é feita, primordialmente, para a obtenção de informações necessárias à delimitação de terras em áreas de classes aptas para a irrigação, eliminando as áreas inaptas, nas condições econômicas prevalentes. Necessita da análise e avaliação de suas características físicas e químicas, incluindo as características do solo e os aspectos topográficos e de drenagem, além de um grande volume de dados adicionais relativos à agronomia, economia e engenharia (CARTER,1998), exigindo-se, para o seu uso, levantamentos pedológicos semi-detalhados ou, preferencialmente, detalhados, principalmente se for área de várzea (PRADO, 1996).</p>
<p>Caracterização de classes e representação cartográfica, por unidades &#8220;dominantes&#8221; e &#8220;participativas&#8221;.</p>
<p><img decoding="async" loading="lazy" class="alignnone size-full wp-image-2766" src="http://www.funceme.br/wp-content/uploads/2019/02/ce_solos.jpg" alt="" width="245" height="303" /></p>
<p>Parte dos problemas no entendimento das questões relativas a solos, de interesse agrícola, associa-se a dificuldade na identificação destes, o que repercute, diretamente, na definição de sua vocação, manejo e orientação à conservação / preservação ambiental. Em nossa região, a complexidade geológica com predomínio de embasamento cristalino &#8211; a significativa variação no &#8220;modelado&#8221; do terreno, associados a um ambiente, tipicamente, semi-árido, resultaram em grande heterogeneidade, complexidade no arranjamento e variação dos solos. Neste cenário, à falta de informações mais detalhadas e buscando-se facilitar a compreensão do tema e, desse modo, auxiliar o planejamento e tomada de decisões ao uso agrícola, é apresentada a caracterização dos solos do Estado do Ceará, com representação cartográfica &#8220;desagregada&#8221;, resultando em maior visibilidade e compreensão.</p>
<p>Nos cartogramas, cada classe de solo foi ilustrada em dois grupos: unidades dominantes e unidades participativas. O primeiro grupo corresponde às unidades de mapeamento em que o solo em representação figura em primeiro lugar na associação, significando ter mais importância sob o ponto de vista de extensão. Nas unidades participativas, o solo em descrição é contribuinte, predominantemente, secundário, terciário e/ou de quarta ordem, em outras unidades de mapeamento, figurando como segundo e/ou terceiro e/ou quarto componente das associações.</p>
<p><img decoding="async" loading="lazy" class="alignnone size-full wp-image-2767" src="http://www.funceme.br/wp-content/uploads/2019/02/ce_uso_terra.jpg" alt="" width="245" height="293" /></p>
<p>Explicação da Legenda:</p>
<p>a. Os símbolos (siglas) relativos às unidades de mapeamento de solos deverão ser impressos na cor preta, excetuando-se o estabelecido nos itens b e c, abaixo relacionados;<br />
b. Símbolo em vermelho indica que a classe de solo representada em primeiro lugar na associação, também constitui 2º e/ou 3º e/ou 4º componente, na unidade de mapeamento de solo;<br />
c. Símbolo em azul indica que uma mesma classe de solo constitui 2º e/ou 3º e/ou 4º componente na associação, sendo diferente da classe representada em primeiro lugar, na unidade de mapeamento de solo;<br />
d. Símbolo em mostarda (específica para os Solonchak-Solonetzico / Solos Indiscriminados de Mangues) indica que o segundo componente da associação constitui, na representação, o primeiro componente em unidade de mapeamento diferente.</p>
<p>Representação Cartográfica por Classe de Solos</p>
<p>• Latossolos</p>
<p>• Podzólicos Vermelho-Amarelo</p>
<p>• Podzólicos Vermelho-Amarelo Eutrófico</p>
<p>• Bruno Não Cálcico</p>
<p>• Planossolos</p>
<p>• Litólicos</p>

<p>Classificações Técnicas Classificação técnica ou interpretativa consiste da previsão do comportamento dos solos sob manejos específicos e sob certas condições ambientais (STEELE, 1967 apud PRADO, 1996). É, normalmente, baseada em interpretação de estudos básicos (levantamentos taxonômicos) de solos (BRASIL,1973; CAMARGO et al., 1987; EMBRAPA, 1999). Trabalhos executados pela Funceme cobriram as três principais classificações interpretativas, [&hellip;]</p>
