{"id":3390,"date":"2019-02-20T12:18:19","date_gmt":"2019-02-20T15:18:19","guid":{"rendered":"http:\/\/wp.funceme.br\/?page_id=3390"},"modified":"2025-06-04T13:26:28","modified_gmt":"2025-06-04T16:26:28","slug":"meio-ambiente","status":"publish","type":"page","link":"http:\/\/www.funceme.br\/?page_id=3390","title":{"rendered":"MEIO AMBIENTE"},"content":{"rendered":"<div class=\"row\">\n<div class=\"Card  Calendario  BgVerde  row\">\n<div class=\"dt-9\">\n            &nbsp;<\/p>\n<h3><b>MEIO AMBIENTE<\/b><\/h3>\n<\/p><\/div>\n<\/p><\/div>\n<p>    &nbsp;<\/p>\n<ul class=\"ListaEst\">\n<li><a href=\"https:\/\/focoscalor.funceme.br\/\">PROGRAMA ESTADUAL DE PREVEN\u00c7\u00c3O, MONITORAMENTO, CONTROLE DE QUEIMADAS E COMBATE AOS INC\u00caNDIOS FLORESTAIS (PREVINA)<\/a><\/li>\n<\/ul>\n<\/div>\n","protected":false},"excerpt":{"rendered":"<p>&nbsp; MEIO AMBIENTE &nbsp; PROGRAMA ESTADUAL DE PREVEN\u00c7\u00c3O, MONITORAMENTO, CONTROLE DE QUEIMADAS E COMBATE AOS INC\u00caNDIOS FLORESTAIS (PREVINA)<\/p>\n","protected":false},"author":4,"featured_media":0,"parent":3377,"menu_order":3,"comment_status":"closed","ping_status":"closed","template":"pagina-lista-filhas.php","meta":[],"acf":[],"_links":{"self":[{"href":"http:\/\/www.funceme.br\/index.php?rest_route=\/wp\/v2\/pages\/3390"}],"collection":[{"href":"http:\/\/www.funceme.br\/index.php?rest_route=\/wp\/v2\/pages"}],"about":[{"href":"http:\/\/www.funceme.br\/index.php?rest_route=\/wp\/v2\/types\/page"}],"author":[{"embeddable":true,"href":"http:\/\/www.funceme.br\/index.php?rest_route=\/wp\/v2\/users\/4"}],"replies":[{"embeddable":true,"href":"http:\/\/www.funceme.br\/index.php?rest_route=%2Fwp%2Fv2%2Fcomments&post=3390"}],"version-history":[{"count":10,"href":"http:\/\/www.funceme.br\/index.php?rest_route=\/wp\/v2\/pages\/3390\/revisions"}],"predecessor-version":[{"id":4616,"href":"http:\/\/www.funceme.br\/index.php?rest_route=\/wp\/v2\/pages\/3390\/revisions\/4616"}],"up":[{"embeddable":true,"href":"http:\/\/www.funceme.br\/index.php?rest_route=\/wp\/v2\/pages\/3377"}],"wp:attachment":[{"href":"http:\/\/www.funceme.br\/index.php?rest_route=%2Fwp%2Fv2%2Fmedia&parent=3390"}],"curies":[{"name":"wp","href":"https:\/\/api.w.org\/{rel}","templated":true}]}}